2*i - u. What is the units digit of i?
8
Suppose -3*l + 15 = 4*x + 1, 5*x + 4*l = 18. Suppose x*r - 5*u + 12 = 0, 0 = -10*u + 5*u. Let y = 26 + r. What is the units digit of y?
0
Let p = 3 - 4. Let n(z) be the second derivative of -25*z**3/3 + z**2 - 17*z. What is the units digit of n(p)?
2
Let y = 98 + 13. What is the hundreds digit of y?
1
Let z(o) = o**3 - 8*o**2 - 51*o + 12. What is the tens digit of z(16)?
4
Let p(r) = -r**2 - 43*r - 62. What is the tens digit of p(-39)?
9
Suppose -4*u = -23 - 1. Let y be (-1236)/(-18) - (-2)/u. Let f = y + -32. What is the units digit of f?
7
Suppose q - 5*l = 24, -l = -0*l + 3. Let u = 13 - q. Suppose -14 - u = -6*t. What is the units digit of t?
3
Let n = -9 + 151. Suppose -2*c + 0*c + n = 0. Suppose 3*x - 40 = c. What is the tens digit of x?
3
Suppose 312*g - 310*g + 5*j = 2095, 0 = 4*g - 3*j - 4203. What is the hundreds digit of g?
0
Suppose -5*q = 3*t - 804, 2*q - 4*q = 4*t - 330. What is the tens digit of q?
5
Suppose -1106 = -5*c + 319. Suppose 2*b + 3*j - 155 = -2*j, c = 4*b + 5*j. What is the tens digit of b?
6
Let m be 0 + 10 - (-3 - 0). Suppose -5*k + b = -8 - 3, -5*k + 3*b + m = 0. Suppose 7*a - 157 = -5*g + 3*a, -3*g + 93 = k*a. What is the tens digit of g?
2
Let r(b) = b**3 - 19*b**2 - 19*b + 17. Let z(u) = -2*u**3 + 18*u**2 + 20*u - 18. Let n(o) = -3*r(o) - 2*z(o). What is the tens digit of n(-20)?
4
What is the units digit of (45/10)/((-9)/(-1344))?
2
Let x(p) be the second derivative of p**5/5 - 2*p**3/3 + p**2/2 + 18*p. What is the units digit of x(3)?
7
Let a be (1/((-2)/72))/(45/150). Let x = a - -231. What is the tens digit of x?
1
Let i be (-9)/6*(-88)/(-12). Let w = 14 + i. Let y(c) = 23*c + 8. What is the tens digit of y(w)?
7
Let w(q) = -q**2 + 6*q + 11. Let k be w(6). Let z = k + 43. Suppose -5*n = h - 2*n - z, -2*h + 2*n = -84. What is the tens digit of h?
4
Let t(j) = 2*j + 16. Let q be t(8). Suppose 0 = 2*b + 14 - q. Suppose 0 = -b*f + 235 + 269. What is the units digit of f?
6
Suppose n - 4*g = -8*g + 120, n - 4*g = 96. Let o = -154 - -84. Let q = o + n. What is the tens digit of q?
3
Let s = -66 - -248. Suppose -s = -5*a + f, 4*a - 152 = -0*f + 4*f. Let w = -9 + a. What is the tens digit of w?
2
Let n(b) = 13*b - 10. Let a be n(4). Suppose 3*t - 156 = -a. What is the tens digit of t?
3
Let t(v) = 3*v**2 + 7 + 5*v**3 - 6*v**3 + 14*v + 9*v**2 - 2. Let b be t(13). Let p = b + -12. What is the units digit of p?
6
Let y = -44 - -50. Suppose -j = -y*j + 30. What is the units digit of j?
6
Suppose 2*d - 388 = -5*k + 378, -3*k + 472 = -5*d. Let z = k + -12. What is the hundreds digit of z?
1
Suppose 0 = -193*j + 204*j - 39732. What is the hundreds digit of j?
6
Let x = 6 + 48. Suppose 2*t + 5*l - 33 = x, 204 = 5*t - l. Let v = t - 23. What is the tens digit of v?
1
Let c(v) = v**3 + 17*v**2 + 5*v - 15. Let a be c(-14). Suppose -217 = -8*p + a. What is the units digit of p?
0
Let u be (3/(-6))/((-3)/(-30)). Let x(p) = -p**3 - 3*p**2 - 8*p - 5. What is the tens digit of x(u)?
8
Suppose -2*o = -4*o + 4*d - 12, -o + 3*d = 9. Suppose -5*k + 3*i + 772 = o, -4*i - 771 = -0*k - 5*k. What is the tens digit of k?
5
What is the hundreds digit of 5 - 6 - 1248/(-1)?
2
Let g be 1 + (-4)/(12/(-39)). What is the units digit of (3 - 46/g) + 102/14?
7
Let q = -20 + 26. Suppose -q*s + 4*s = 8, -3*c = s - 341. What is the units digit of c?
5
Let t be (-1)/6 + (-987)/18. Let v be 1/(-3 + 2) - t. Suppose -o - 2*o = -v. What is the tens digit of o?
1
Suppose 4*q = 4*x - 3*x + 495, -3*q + 5*x = -384. Suppose -4*h = -201 - q. What is the units digit of h?
1
Suppose -3*v + 0 = 6. Suppose 120 = -2*x - 10*x. What is the units digit of (v - x)*(-2)/(-4)?
4
Suppose -24651 = -u - 10*u. What is the tens digit of u?
4
Let z = 22 + -58. What is the units digit of 4*(27/24)/((-3)/z)?
4
Let r(t) = 10*t + 5. Let d be r(8). Let c be (4/12)/((-4)/(-48)). Suppose -c*w + k + 209 + d = 0, 0 = 3*k - 6. What is the units digit of w?
4
Let g be ((-12)/(-10))/((-10)/(-25)). Suppose 5*b - 43 = -g. Suppose 0 = n - b - 15. What is the tens digit of n?
2
Let r be (-4 - -11)*(-9)/(-21) + 2. Suppose 0 = 5*j + 2*c - 366, r*j - 4*c - 344 = 34. What is the units digit of j?
4
Suppose 13*m + 1 + 12 = 0. Let i(d) = -23*d**3 - 2*d**2 + d + 2. What is the tens digit of i(m)?
2
What is the hundreds digit of (-14)/8 - 16655/(-20)?
8
Suppose 4*d - 1056 = -2*t + 294, d - 333 = -2*t. Suppose 4*z - 13 = d. What is the tens digit of z?
8
What is the tens digit of ((-72)/14)/((-51)/7378)?
4
Let k(y) = 103*y**2 - 41*y + 13. What is the units digit of k(4)?
7
What is the tens digit of 708*(-5 - (-33)/6)?
5
Suppose 0 = 89*v - 85*v - 2004. What is the hundreds digit of v?
5
What is the units digit of (-2)/(-15) + 4612/(-60)*-16?
0
Suppose 225 = h - 0*p + 5*p, -3*p = -h + 249. What is the tens digit of h?
4
Suppose -4*w + 17*y - 19*y = 0, 2*w - 4 = -3*y. Let l = -6 - -9. What is the tens digit of (78*1)/l + w?
2
Suppose 2*p + 3*c = -0*p + 30, 2*c + 28 = 4*p. Let j(v) = -2*v + 1. Let s(l) = -8*l + 22. Let t(o) = -3*j(o) + s(o). What is the units digit of t(p)?
1
Let l be 4/18 + (-1321)/(-18)*2. Let z = l + -65. What is the units digit of z?
2
Let s(k) = -k**3 - 3*k**2 + 2. Let f be s(-3). Suppose 3*r = -2*t + f + 11, -3*t + 21 = 5*r. Suppose t*y + 30 = 7*y. What is the units digit of y?
6
Let b = -14 + 91. Let i = -39 + b. What is the tens digit of i?
3
Suppose -43*n + 7*n = -175500. What is the hundreds digit of n?
8
Let a = 352 + 177. What is the units digit of a?
9
Suppose -620 = -2*l + 4*j, -4*l - 3*j + 315 = -3*l. What is the tens digit of l?
1
Let p(d) = -d**2 + 17*d - 169. Let n be p(17). Let u = -1 - 0. What is the units digit of n/(-26)*(u - -7)?
9
Suppose 19*q + 28544 = 74201. What is the units digit of q?
3
Suppose 0 = -2*l + 4*m - 76, 2*m + 42 = -l - 0*l. Let q = -32 - l. What is the units digit of q?
8
Suppose 4*r + 0*r - 8 = 0. Let b be 98/(-7) + (0 - r). Let s = -12 - b. What is the units digit of s?
4
Let b(v) = -v**3 + 27*v**2 + 30*v - 79. What is the units digit of b(20)?
1
Let j be (-12)/(-4) + -2 - -4. Suppose 3*m - 373 = -4*a, -3*m + j*a + 293 + 98 = 0. What is the units digit of m?
7
Let j = -47 + 50. What is the tens digit of (-6*14/(-35))/(j/20)?
1
Suppose 3*x = 5*m - 10878, 2*x + 3222 = m + 1052. What is the thousands digit of m?
2
Suppose -m - 2*w + 12 = -3*m, -3*w = -4*m - 21. Let l(z) = 4*z - 6. Let v(r) = -r + 1. Let i(d) = m*v(d) - l(d). What is the units digit of i(-8)?
1
Let w = 7 + -5. Suppose 32 - 202 = -w*k. Suppose 2*v + 5*d + 45 = 3*v, -5*v = 3*d - k. What is the tens digit of v?
2
Let j be -10*((8 - 4) + -2). What is the units digit of -1*5/(j/128)?
2
Let w(l) = -59*l - 2. Let n be w(3). Let o = n - -311. What is the units digit of o?
2
Let i be (12 + 0)*(3 + -4). What is the tens digit of (-9 - i) + (-92)/(-2)?
4
What is the units digit of -1555*(-4)/10 - 1/1?
1
Suppose 2*f + 65 = 3*s, -2*s - 4*f = -3*f - 41. Let n be (-69)/s + (-2)/(-7). What is the units digit of n + (21/(-1))/(-3)?
4
Let b(o) = -o**2 + 16*o - 31. Let n be b(23). What is the units digit of (n/(-40))/((-6)/80*-1)?
4
Suppose -i - 3*k + 3651 = 892, -3*i + 8212 = -4*k. What is the thousands digit of i?
2
Let u(n) = -8 + 2*n - n + 11*n + 4*n. What is the tens digit of u(5)?
7
Let j(v) = 6*v + 8. Let c be j(8). Let u = c - -25. What is the units digit of u?
1
Suppose -2*h + 18 = 2*h - n, 0 = -2*h - n + 6. Suppose 0*s - 5*s + 320 = -h*x, -115 = -2*s - x. Suppose 0 = v - 3*v + s. What is the tens digit of v?
3
Let p(y) = 9*y**3 - 2*y**2 - y - 1. Let o be p(2). Let g(d) = 78*d + 30. Let f be g(0). Let a = o - f. What is the tens digit of a?
3
Let d = 25 - 25. Suppose -7*s + 491 + 181 = d. What is the tens digit of s?
9
Suppose 5*t - 6 = -4*d + 5*d, -3*t + 22 = 4*d. Let i(s) = -s**3 + 3*s**2 - 2*s - 1. Let a be i(t). What is the units digit of (-6 - -21) + 3*a?
2
Let v(q) = q + 7. Let y(s) = -s - 8. Let d(a) = -4*v(a) - 5*y(a). Let r be d(-7). Suppose -154 = -r*j + 2*k, 2*j - 29 = 3*k + 26. What is the units digit of j?
2
Suppose 0 = 2*f + 16 - 4. What is the units digit of ((-4)/(-6))/((-4)/f)*3?
3
Let q = -17 + 37. What is the tens digit of (-328)/(-5) + 8/q?
6
Suppose -4*m - 20 = 36. Let p = 6 + m. Let n = p - -28. What is the tens digit of n?
2
Le